he greatest common factor of x and 48.
6
Let m(d) = d**2 - 2*d - 1. Let u be m(-4). Calculate the highest common divisor of 115 and u.
23
Let v(g) = -g**2 - 16*g - 44. Let c be v(-8). Suppose 0 = o - 5*p - 20, -16 = -4*p - 0. What is the highest common divisor of c and o?
20
Let s = -25 - -17. Let u = 15 + s. Suppose b + 3 = 3*m + 1, -m + 2*b = 1. Calculate the highest common factor of u and m.
1
Let g be ((-18)/8)/(6/312). Let t be (3 + -4)/(1/g). What is the greatest common factor of t and 13?
13
Let h = -42 - -22. Let k be 204/10 + h/50. Let d be (-38)/(-5) - 4/(-10). Calculate the highest common divisor of d and k.
4
Let h(a) = -a**2 - 17*a - 21. Let n be h(-10). Calculate the highest common divisor of 7 and n.
7
Let q(t) = 26*t - 2. Let c be q(2). What is the highest common factor of c and 20?
10
Let u = 0 + 0. Suppose -3*d - 10 = -o, u = -3*o + 5*d + 22 + 16. Let g = -10 + 12. Calculate the highest common factor of o and g.
2
Suppose 8*j - 4*j = 32. What is the highest common divisor of j and 8?
8
Let m be ((-112)/6)/(1/(-9)). Suppose -5*q + 3*v + 99 = 0, 2*q - 50 = -2*v - 2*v. What is the highest common factor of q and m?
21
Let f be 27*5/45*3. Calculate the highest common factor of 9 and f.
9
Suppose 2*a = v - 7, 4*a + 2*v + 12 = 2. Let g be 127 + (3 - 0)/a. Calculate the highest common factor of 14 and g.
14
Let d be 16/(-6)*30/(-4). Calculate the highest common factor of d and 5.
5
Let v(z) = z**3 + z**2 + 4*z - 3. Let o be v(2). Suppose 3*j - 56 = -4*s, 3*s = -j + 2*s + o. Calculate the greatest common divisor of j and 30.
6
Let r(t) = -t**2 + t + 2. Let g be r(0). Calculate the greatest common factor of 5 and g.
1
Let u(y) = -3*y - 13*y + 4 - 9*y + 3*y. Let t be u(-2). What is the greatest common divisor of 72 and t?
24
Suppose -2*g = -2*b - 14, -g + 7 = -2*b - 2. Suppose -3*a + g*a = 60. Suppose 29 = 5*p - 31. What is the highest common factor of a and p?
6
Let n(l) = -6*l - 12. Suppose -a + 0*a = f + 7, 0 = 4*f - 4. Let j be n(a). Calculate the highest common factor of 24 and j.
12
Let s(v) = -v**2 + 23. Let z be s(0). Let y = -14 + z. Let o be 1 + y + (2 - 3). Calculate the highest common factor of o and 3.
3
Let p(r) = -r + 30. Let k be p(0). Suppose 2*z + z - k = 0. What is the greatest common factor of 10 and z?
10
Let d(i) = 3*i**3 - i**2 + i. Let f be d(1). Let y be 1/(-3)*-3 - -15. Let r = y - f. What is the greatest common divisor of r and 65?
13
Suppose 3*y - 21 - 9 = 0. Calculate the highest common factor of 90 and y.
10
Let m(q) = q**2 + 4*q + 2. Let b be m(-4). Suppose -63 = -b*z + 41. Calculate the highest common divisor of z and 13.
13
Let x = 20 - -46. Let t(o) = 5*o - 41. Let n(k) = 3*k - 27. Let v(h) = -8*n(h) + 5*t(h). Let b be v(-5). Calculate the highest common factor of x and b.
6
Let n(v) = -9*v**3 - v**2 + v + 2. Let t be n(-1). Calculate the greatest common divisor of t and 63.
9
Let k = -13 + 58. Let v = -22 - -27. Calculate the greatest common divisor of v and k.
5
Let y = 138 + -78. What is the highest common factor of y and 150?
30
Suppose 5*q - 550 = 4*k - 187, -5*q = 3*k - 349. Suppose -2*f + 1 = -q. What is the greatest common divisor of f and 90?
18
Let c = -13 - -11. Let t be (3/c)/((-4)/104). Calculate the highest common factor of t and 13.
13
Suppose 2*t + 1 = -11. Let b(f) = 9*f**2 + 4*f - 3. Let l be b(t). What is the greatest common divisor of 27 and l?
27
Suppose -6 = 3*q, 1785 = 3*w - 3*q - 0*q. Suppose -2*l - p - p + 238 = 0, -5*l = 4*p - w. Calculate the highest common divisor of 13 and l.
13
Suppose 5*x = 2*n + 52, 3*x + x = -4*n + 64. Calculate the greatest common divisor of x and 12.
12
Suppose z = -z - u - 3, -3*u = -5*z + 20. Let g be ((-1)/(20/28))/((-2)/10). What is the greatest common divisor of g and z?
1
Let m = 43 + -86. Let u = 17 + 114. Let h = u + m. What is the highest common factor of h and 11?
11
Let y be -1*(1 + 1 + 8). Let x be (-4)/y - 86/(-10). Let w = x - 3. What is the highest common factor of 2 and w?
2
Let x = -111 + 181. Let y be 158/14 + (-8)/28. Let a = y - 4. What is the highest common divisor of x and a?
7
Suppose 27 = 2*r + 5*y, -r - 3*y + 27 = 2*r. Let l(u) = u + 3. Let v be l(r). Calculate the greatest common divisor of v and 1.
1
Let v be (0 - 663/(-12)) + (-1)/4. What is the greatest common divisor of 5 and v?
5
Let j(n) be the third derivative of n**6/120 + 7*n**5/60 - 5*n**4/12 + n**3/2 - 3*n**2. Let o be j(-8). Calculate the highest common divisor of 76 and o.
19
Suppose a + 163 = 5*v, 3*a - 2*a + 131 = 4*v. What is the greatest common factor of 48 and v?
16
Let s(o) = -o - 1. Suppose 3*l + l = -20. Let m be s(l). Let w be (-25 - -1)/(-2) + 0. What is the highest common divisor of w and m?
4
Let j(g) = g**3 + 11*g**2 + 10*g + 1. Let s be j(-10). Let h be -15*(-4)/6 - s. Suppose 0 = -u - 2*u + h. What is the greatest common divisor of 21 and u?
3
Let b(c) = -c**3 - 13*c**2 + 12*c - 8. Let g be b(-14). What is the greatest common factor of g and 180?
20
Let u = -24 - -9. Let w = 22 + u. Calculate the greatest common divisor of w and 14.
7
Let l(j) = -j + 15. Let w be l(9). Let a = -6 + w. Suppose 3*x - 70 = p - 16, -p - 3 = a. Calculate the highest common divisor of x and 85.
17
Suppose -4*m + 111 = 5*c - 26, -5*c + 3*m + 151 = 0. Calculate the greatest common factor of c and 319.
29
Let w = -38 - 22. Let z be (-6 - 1)*w/(-14). Let s be z/(-1)*7/2. What is the highest common factor of 15 and s?
15
Suppose -5*i + 88 = 4*q - 12, -2*i = -5*q - 7. Calculate the highest common factor of i and 64.
16
Let q(i) be the first derivative of i**3/3 + 3*i**2 - 6*i + 5. Let x be q(6). Calculate the greatest common divisor of 33 and x.
33
Let u(c) = -c + 7. Let v be u(4). Let q be v + -2 - (-78)/6. Suppose -b + 14 = -0. What is the highest common divisor of q and b?
14
Suppose -z - 42 = -4*z. Suppose -7*h + 3*h = -504. Calculate the greatest common divisor of h and z.
14
Let j be (-2)/((-1 + -1)/2). Suppose j*b = 3*b - 4. Let c = b - 1. Calculate the greatest common factor of 24 and c.
3
Let u = -14 + -2. Let l = 46 + u. Calculate the greatest common divisor of 10 and l.
10
Let y be (-2)/(-6) + (-5)/(-3). Suppose 0 = -0*d + y*d - 200. Suppose 0*c + 4*c - 201 = -5*o, 0 = 2*c + 2*o - d. What is the greatest common divisor of 7 and c?
7
Let v(n) = -6*n**3. Let j be v(-1). Let s be j/10*(-10)/(-2). Let q be (44 - (0 - -3)) + s. Calculate the highest common factor of 11 and q.
11
Suppose j + 3 = 1. Let t be ((-6)/5)/(j/210). Calculate the highest common factor of 14 and t.
14
Let g = -5 - -7. What is the greatest common divisor of g and 12?
2
Let d(a) be the first derivative of a**3/3 + 72*a - 1. Suppose 0 = -0*m + 4*m. Let x be d(m). Calculate the greatest common divisor of x and 8.
8
Let i = -16 + 22. What is the highest common factor of 4 and i?
2
Suppose a + 17 = -31. Let y be ((-51)/(-4))/((-18)/a). Let d = 51 - y. What is the greatest common factor of d and 51?
17
Let u be 144/(-10)*50/(-15). Suppose 0 = -2*g + 6*g - u. What is the greatest common factor of 4 and g?
4
Suppose -5*i - 486 = -8*i. Suppose 0*h = 4*h - 72. Calculate the highest common factor of i and h.
18
Let r be (-2 - 7/(-1))/(1/7). Calculate the highest common factor of r and 7.
7
Suppose 5*m + 54 = -21. Let n = 27 + m. What is the greatest common divisor of n and 60?
12
Let w be (16/20)/(2/170). What is the greatest common factor of w and 17?
17
Suppose 0 = b - 2*r - 29, -4*b + 2*r - 146 = -8*b. Suppose -11 = 5*u + 19. Let z = u + 11. Calculate the highest common divisor of b and z.
5
Let x = 56 + -8. Let b = 33 - 21. What is the highest common divisor of b and x?
12
Let v = -14 + 22. Suppose 4*h = v + 8. What is the highest common divisor of h and 8?
4
Let v = 77 + -64. Calculate the highest common factor of 52 and v.
13
Let g be (-2)/(2/(-9)) - 2. Suppose -3*v + 0 = 2*x - 9, 0 = 2*x + v - g. Suppose -x*i + 10 = -2*i. Calculate the highest common divisor of i and 110.
10
Let f be (-2 + -1)/(114/40 - 3). What is the greatest common divisor of f and 180?
20
Suppose -5 = 3*t - 23. Calculate the highest common divisor of t and 9.
3
Suppose 213 = 14*c - 95. Let u(t) = t**3 - 3*t**2 - 10*t + 7. Let k be u(6). What is the greatest common factor of c and k?
11
Suppose -3*n + 27 = -3. Let q(j) = j**2 + 